mainder when 48683 is divided by 1110.
953
What is the remainder when 100705954 is divided by 50352971?
12
Calculate the remainder when 5705204 is divided by 173.
10
Calculate the remainder when 5088842 is divided by 90.
62
Calculate the remainder when 1161448 is divided by 580718.
12
What is the remainder when 8393525 is divided by 10706?
21
What is the remainder when 3889134 is divided by 5532?
138
Calculate the remainder when 156272 is divided by 151413.
4859
Calculate the remainder when 19426 is divided by 3672.
1066
Calculate the remainder when 128821 is divided by 247.
134
What is the remainder when 10059966 is divided by 177?
171
Calculate the remainder when 84363 is divided by 42037.
289
Calculate the remainder when 46460 is divided by 665.
575
Calculate the remainder when 3654246 is divided by 6632.
14
Calculate the remainder when 14773409 is divided by 440.
409
What is the remainder when 943007 is divided by 521?
518
Calculate the remainder when 395722 is divided by 11329.
10536
Calculate the remainder when 6005563 is divided by 3248.
11
What is the remainder when 9762285 is divided by 229?
15
What is the remainder when 18112054 is divided by 2405?
2404
Calculate the remainder when 3830071 is divided by 23.
19
Calculate the remainder when 19835732 is divided by 51123.
8
Calculate the remainder when 1445471 is divided by 11657.
3
Calculate the remainder when 96044 is divided by 19030.
894
Calculate the remainder when 63094 is divided by 628.
294
What is the remainder when 5179287 is divided by 3386?
2093
Calculate the remainder when 505827622 is divided by 58.
52
Calculate the remainder when 746215 is divided by 93188.
711
What is the remainder when 10486073 is divided by 578?
575
What is the remainder when 1021380 is divided by 340438?
66
Calculate the remainder when 34856 is divided by 16413.
2030
What is the remainder when 774230 is divided by 96776?
22
Calculate the remainder when 126075828 is divided by 2289.
2286
What is the remainder when 1164077 is divided by 71?
32
What is the remainder when 1640217 is divided by 1063?
8
Calculate the remainder when 121557 is divided by 114590.
6967
Calculate the remainder when 53438 is divided by 5202.
1418
Calculate the remainder when 77264 is divided by 2145.
44
What is the remainder when 148065 is divided by 48758?
1791
Calculate the remainder when 312767 is divided by 445.
377
Calculate the remainder when 18926229 is divided by 108.
93
Calculate the remainder when 1532301 is divided by 15171.
30
Calculate the remainder when 45434032 is divided by 7572337.
10
Calculate the remainder when 249862 is divided by 124791.
280
Calculate the remainder when 37184 is divided by 2197.
2032
Calculate the remainder when 8581733 is divided by 429086.
13
Calculate the remainder when 140094 is divided by 69943.
208
Calculate the remainder when 1879781 is divided by 448.
421
Calculate the remainder when 104159948 is divided by 273.
74
Calculate the remainder when 277066 is divided by 69257.
38
What is the remainder when 491062199 is divided by 1830?
1829
Calculate the remainder when 2139093 is divided by 16.
5
What is the remainder when 21972701 is divided by 11148?
11141
What is the remainder when 111940815 is divided by 1691?
1688
Calculate the remainder when 8777 is divided by 2848.
233
What is the remainder when 297913 is divided by 21274?
77
What is the remainder when 1360996 is divided by 1406?
1394
What is the remainder when 259905873 is divided by 113?
110
Calculate the remainder when 458218 is divided by 17622.
46
What is the remainder when 789534 is divided by 71709?
735
What is the remainder when 37351582 is divided by 565?
562
What is the remainder when 86453 is divided by 17284?
33
What is the remainder when 12338222 is divided by 6169109?
4
Calculate the remainder when 61582560 is divided by 3087.
3084
What is the remainder when 86444 is divided by 3920?
204
Calculate the remainder when 584720 is divided by 26573.
114
What is the remainder when 9045928 is divided by 72?
64
What is the remainder when 10226739 is divided by 680?
219
Calculate the remainder when 177329 is divided by 174.
23
Calculate the remainder when 2653238 is divided by 878.
800
What is the remainder when 1613060 is divided by 570?
530
What is the remainder when 1848880 is divided by 1010?
580
Calculate the remainder when 110606 is divided by 966.
482
Calculate the remainder when 1542424 is divided by 96397.
72
Calculate the remainder when 4747948 is divided by 75.
73
Calculate the remainder when 345334587 is divided by 1270.
1267
Calculate the remainder when 149854 is divided by 149437.
417
What is the remainder when 11228981 is divided by 2245789?
36
What is the remainder when 6318889 is divided by 444?
325
Calculate the remainder when 13132313 is divided by 338.
337
What is the remainder when 193084832 is divided by 84?
80
Calculate the remainder when 402835 is divided by 129391.
14662
What is the remainder when 79327 is divided by 1721?
161
What is the remainder when 1652148 is divided by 35?
8
What is the remainder when 524512755 is divided by 563?
561
What is the remainder when 6928194 is divided by 2380?
14
What is the remainder when 5132 is divided by 200?
132
Calculate the remainder when 1679433 is divided by 168.
105
What is the remainder when 324213 is divided by 1530?
1383
Calculate the remainder when 267264 is divided by 11136.
0
Calculate the remainder when 22779 is divided by 3213.
288
Calculate the remainder when 3212084 is divided by 20459.
21
Calculate the remainder when 124270097 is divided by 50.
47
What is the remainder when 82570427 is divided by 2907?
2906
What is the remainder when 27050626 is divided by 1111?
1109
What is the remainder when 6735814 is divided by 2245271?
1
Calculate the remainder when 1254637 is divided by 10632.
61
Calculate the remainder when 51656137 is divided by 3140.
3137
Calculate the remainder when 1899573 is divided by 633186.
15
What is the remainder when 2648926 is divided by 529784?
6
Calculate the remainder when 5252758 is divided by 180.
178
What is the remainder when 213809 is divided by 3251?
2494
Calculate the remainder when 27708 is divided by 302.
226
Calculate the remainder when 1357406 is divided by 452451.
53
What is the remainder when 1483899 is divided by 370968?
27
Calculate the remainder when 927366 is divided by 809.
252
Calculate the remainder when 24216 is divided by 1342.
60
What is the remainder when 123593 is divided by 4744?
249
What is the remainder when 216993792 is divided by 1772?
1760
Calculate the remainder when 5078504 is divided by 360.
344
Calculate the remainder when 1026348 is divided by 205243.
133
What is the remainder when 2075803 is divided by 3924?
7
What is the remainder when 281469 is divided by 13378?
531
What is the remainder when 1106276 is divided by 368743?
47
What is the remainder when 1481140 is divided by 32914?
10
Calculate the remainder when 91588771 is divided by 2224.
3
What is the remainder when 15933829 is divided by 126?
121
What is the remainder when 15169298 is divided by 101?
7
What is the remainder when 15967 is divided by 15358?
609
Calculate the remainder when 3946913 is divided by 26486.
499
Calculate the remainder when 22144658 is divided by 410086.
14
Calculate the remainder when 489138 is divided by 244531.
76
What is the remainder when 4369349 is divided by 485363?
1082
Calculate the remainder when 4868646 is divided by 13266.
24
Calculate the remainder when 13371819 is divided by 2090.
2089
What is the remainder when 393997 is divided by 392969?
1028
Calculate the remainder when 5104172 is divided by 882.
38
What is the remainder when 10022350 is divided by 1540?
30
What is the remainder when 509722 is divided by 12434?
12362
What is the remainder when 15786 is divided by 3315?
2526
What is the remainder when 70073781 is divided by 2472?
2469
What is the remainder when 984128 is divided by 635?
513
What is the remainder when 360027925 is divided by 13?
10
Calculate the remainder when 15387061 is divided by 12602.
19
Calculate the remainder when 137067 is divided by 815.
147
What is the remainder when 62359 is divided by 487?
23
Calculate the remainder when 362040 is divided by 710.
650
What is the rem